at is the remainder when d is divided by 31?
28
Suppose 0*o + 4 = o. Suppose 4*n - 8 = 4, -o*n + 156 = 2*i. Suppose -2*m + 0*y = y - 48, -4*y - i = -4*m. What is the remainder when m is divided by 12?
10
Suppose 14*p + 216 = 18*p. Calculate the remainder when p is divided by 11.
10
Let y be 0 + -4*(-18)/4. Suppose 2*m = -3*h - 10, -m + 0*h + 2*h = 12. Let r = y + m. What is the remainder when r is divided by 4?
2
Suppose -67 + 10 = -w. What is the remainder when w is divided by 30?
27
Suppose -3*r + 340 = 5*x - 0*r, 0 = -4*r. What is the remainder when x is divided by 35?
33
Let h(i) = 7*i**2 + i**2 + i - 2*i**2 - 3*i**2. Calculate the remainder when 7 is divided by h(1).
3
Suppose 0 = 5*r - 3 - 57. Let j = 2 - 2. Let n(k) = k + 22. Calculate the remainder when n(j) is divided by r.
10
Let v = 0 + -3. Let h be (-24 + 2 + -2)*v. Suppose -3*d = 4*x - 76, x = -3*d - 2*x + h. Calculate the remainder when d is divided by 11.
9
Let n = -1 + 3. Suppose 0 = -z + n*d - 5, -4*z + 5*d - 6 - 2 = 0. What is the remainder when z is divided by 1?
0
What is the remainder when (4/(-6))/(3/(-18)) is divided by 4?
0
Let y = -315 + 448. What is the remainder when y is divided by 34?
31
Let h(r) = 5*r**3 - 3*r**2 + 2*r - 3. Calculate the remainder when h(2) is divided by 16.
13
Let b = 1 - -10. What is the remainder when b is divided by 7?
4
Let f = -7 + 15. Let p(a) = -a**2 + 9*a - 10. Let g be p(f). Let v(k) = -k**3 + 3*k**2 + 4*k + 2. Calculate the remainder when 26 is divided by v(g).
12
Calculate the remainder when 19 is divided by (0 + 1)*(3 - (2 - 6)).
5
Suppose 0*b = 4*b - 64. Suppose -3*l + 11 + b = 0. Let h = 5 + -1. Calculate the remainder when l is divided by h.
1
Let t(p) = 2*p**2 - 5*p + 6. What is the remainder when 33 is divided by t(4)?
15
Suppose -170 = -3*l - 7*l. Calculate the remainder when 32 is divided by l.
15
Suppose -5*c = -190 + 10. Let l = c - 22. Calculate the remainder when 26 is divided by l.
12
Let d(m) = m**2 - 3. Let v(c) = c**3 + 5*c**2 + 2*c - 3. Let u be v(-4). Let x = 2 + 10. What is the remainder when d(u) is divided by x?
10
Let u = 52 + -34. What is the remainder when u is divided by 9?
0
Suppose -2*r = -5*k - 17, -r + 3*r = 4*k + 22. Suppose 5*q - t = 201, 2*q - 2*t - 54 - 20 = 0. Calculate the remainder when q is divided by r.
20
Let q = 6 + -18. Suppose -4*v - 108 = -20. Let j = q - v. What is the remainder when j is divided by 3?
1
Suppose 0 = f + 3*a - 6*a + 18, 0 = -2*a + 10. Let h = 6 + f. Calculate the remainder when 11 is divided by h.
2
Let r be (-14)/(-3)*105/(-10). Let g(q) = 29*q - 1. Let d be g(3). Let w = d + r. What is the remainder when w is divided by 13?
11
Let j(d) = -d - 3. Let x be j(-7). Suppose -x*a = -6*a. Suppose -k + 4 = -a*k + q, 5*k - q = 8. Calculate the remainder when 2 is divided by k.
0
Calculate the remainder when 191 + ((-6)/(-51) - 2/17) is divided by 39.
35
Let h = -74 + 106. Let l(x) = -x + 17. Let m be (-1 - (0 + 0))*0. What is the remainder when h is divided by l(m)?
15
Suppose 3*y - 109 = 86. What is the remainder when y is divided by 11?
10
Let h = 47 + -25. Let s = h - 12. Calculate the remainder when 27 is divided by s.
7
Suppose -5 = -j + 1. Let k(z) = z**3 + 5*z**2 + 3*z + 3. Let m be k(-5). Let y = 22 + m. What is the remainder when y is divided by j?
4
Suppose d - 3*w + 3 = 0, w - 3 = -3*d - 2. Suppose d = 2*m + 6, -5*b - 41 = -5*m + 4. Let z(l) = l + 17. What is the remainder when z(b) is divided by 2?
1
Let z(i) = -111*i**3 - 2*i**2 - 2*i. Calculate the remainder when z(-1) is divided by 23.
19
Suppose -x = 4*i - 12, -5*x = -x. Suppose 4*o - i*q - 19 = 0, -2 = -2*o + 3*q + q. What is the remainder when 18 is divided by o?
4
Suppose -m - 96 = -2*s, 2*s + s - 157 = -5*m. Suppose -4*v + s = 3*g, g - 13 = v - 4*v. What is the remainder when 55 is divided by g?
17
Suppose -5*z = 4*w - 119, -10*w = -5*w + z - 154. Calculate the remainder when w is divided by 17.
14
Suppose -5*m - 3*b + 0*b + 117 = 0, m + 2*b - 22 = 0. Let c(d) = -d**3 + 9*d**2 + 5*d + 2. Calculate the remainder when c(9) is divided by m.
23
Let d be 305/45 + 4/18. Suppose d*v - 3*v = 48. Suppose -5*j + 86 = -89. What is the remainder when j is divided by v?
11
Let g(m) = m**2 + m + 107. What is the remainder when g(0) is divided by 22?
19
Suppose -2*l - l = -15. Suppose t + 24 = 3*k, 2*k = 4*k + l*t + 1. Suppose -4*p + 27 = -25. What is the remainder when p is divided by k?
6
Suppose 3*l - 17 - 22 = 0. Suppose -4*k + 3 = d + 11, -10 = 5*d + 5*k. Suppose f - l = -d*f. What is the remainder when 38 is divided by f?
12
Let q(m) = -m**2 - 6*m + 7. What is the remainder when (0 + 2)/((-3)/(-18)) is divided by q(-6)?
5
Suppose -5*q = -134 - 51. What is the remainder when q is divided by 10?
7
Let a(r) be the third derivative of -r**4/24 + 5*r**3/3 - 2*r**2. Calculate the remainder when a(8) is divided by 1.
0
Suppose -5*n - 65 = -5*r, -r - 3*n = -0*n + 3. What is the remainder when 15 is divided by r?
6
Let n(w) = w**2 - w - 4. What is the remainder when (-5 + -1)*(-4)/6 is divided by n(3)?
0
Suppose 3*p = -5*x + 101, 97 = -3*p + 6*p + x. What is the remainder when (p/10)/((-2)/(-20)) is divided by 11?
10
Let u = 7 + -7. Suppose 4*q - 7 + 3 = u. What is the remainder when 3 is divided by q?
0
Suppose 12 = -r + 45. Calculate the remainder when 64 is divided by r.
31
Let w(j) = -6*j - 23. Calculate the remainder when w(-9) is divided by 11.
9
Let w = -11 - -21. Calculate the remainder when 28 is divided by w.
8
Let x = -27 - -39. Let d = 145 + -138. What is the remainder when x is divided by d?
5
Let b(v) = 54*v**2 + 1. Let k = 32 - 4. What is the remainder when b(-1) is divided by k?
27
Suppose 5*m = m - 3*b + 91, 4*b = -5*m + 115. Suppose -9 = -2*k + m. Suppose 5*c + 44 = w, 3*w + c = -2*c + 114. What is the remainder when w is divided by k?
11
Suppose -4*z + 19 = -2*q - 3*q, 0 = -3*q + 15. Let d(s) = -s**2 + 10*s - 6. Calculate the remainder when d(5) is divided by z.
8
Let h = 8 - 4. Suppose -h*j = -19 - 1. Let o = -21 + 30. What is the remainder when o is divided by j?
4
Calculate the remainder when 46 is divided by 12*7/(21/4).
14
Suppose -145 = -i - 0*g - 5*g, -2*g = i - 133. What is the remainder when i is divided by 32?
29
Suppose 3*s = -0*s + 12. Suppose 0 = 5*i + 2*z - 34, -3*i + 5*i - 20 = -s*z. Calculate the remainder when 10 is divided by i.
4
Let b(o) = o + 4. Calculate the remainder when b(0) is divided by 2.
0
Let j(f) = -f**3 + 5*f**2 + 6*f + 1. Let s be j(6). Let g = s - -60. Let d = 34 - 18. What is the remainder when g is divided by d?
13
Suppose z + 3*n - 26 = -4*z, z - 10 = n. Suppose -q = -z - 6. Let h = 24 - q. Calculate the remainder when 32 is divided by h.
10
Let u be (424/6)/(10/15). Suppose 0 = -4*c - 8, -5*d + u = -d - 3*c. What is the remainder when 97 is divided by d?
22
Let g(s) = -2*s + 14. Calculate the remainder when g(-9) is divided by 12.
8
Let c be (-2)/(-6)*(4 - -17). Suppose -2*k + c = -1. Suppose 3*l = k*i + 15 + 98, -2*l + 78 = -2*i. Calculate the remainder when l is divided by 15.
13
Let f(u) = 5*u**2 - 4*u - 3. Let s = 329 + -231. Calculate the remainder when s is divided by f(-2).
23
Suppose -30 = -3*r - 2*r. What is the remainder when 23 is divided by r?
5
Suppose -r + 3 = -2*r, -4*w - r = -169. What is the remainder when w is divided by 9?
7
Calculate the remainder when 87 is divided by ((1 - -1) + -1)*22.
21
Let h(k) = 34*k - 3. Calculate the remainder when 43 is divided by h(1).
12
Let s be (-1)/1 + -2 + 3. Let t(f) = f**3 - f**2 - f + 21. Calculate the remainder when (-6)/(-30) - (-398)/10 is divided by t(s).
19
Suppose 2*p + 2*g - 12 = -0*g, -5*g = -5. Calculate the remainder when 14 is divided by p.
4
Let m = 126 + -92. Calculate the remainder when 235 is divided by m.
31
Let f(q) = -11*q + 1. Suppose r - 34 = -n + 2*n, -n - 162 = -5*r. What is the remainder when r is divided by f(-1)?
8
Let k = 12 - 8. Let p = k - -4. Calculate the remainder when 14 is divided by p.
6
Let r be (5/1)/(3 + -2). Suppose 4*h - 13 = -r. What is the remainder when 3 is divided by h?
1
Let g be -1 + (-3)/(6/10). Let z = g + 11. Suppose -12 = -z*x + 2*x. What is the remainder when 5 is divided by x?
1
Calculate the remainder when (-1)/6 + 91/6 is divided by 8.
7
Suppose 2*u + 2*r = 16, 3